 What is l(-1)?
12
Let n(q) = 11*q - 24. Give n(12).
108
Let w(s) = -s**3 - 7*s**2 + 6*s + 10. What is w(-7)?
-32
Let q(o) = -o**3 - 6*o**2 + 7. Give q(-6).
7
Let u(t) = 5*t - 16. Determine u(-2).
-26
Let l(q) = q**3 + q**2 - 5*q. Determine l(4).
60
Let f(k) = -2*k**3 + k**2 + 2*k + 11. Determine f(0).
11
Let r(s) = -s**2 + 6*s - 7. Determine r(5).
-2
Let r(y) = y + 1. What is r(-10)?
-9
Let y(c) = c**3 - 60*c**2 - 62*c + 63. Give y(61).
2
Let x(t) = 67*t - 408. Give x(6).
-6
Let l(y) = -y**2 + 7*y - 6. What is l(2)?
4
Let m(z) = -2*z**3 - 14*z**2 - 15*z - 13. Determine m(-6).
5
Let r(s) = -4*s**3 + s**2 - 2*s - 2. Determine r(-2).
38
Let n(r) = r**2 + 6*r - 9. Calculate n(-6).
-9
Let l(m) = -m**3 - m - 61. Give l(0).
-61
Let h(o) = -5*o**2 + 201*o - 200. What is h(1)?
-4
Let y(z) = -2*z**2 + 24*z - 1. What is y(12)?
-1
Let n(y) = -y**3 + 10*y**2 - 4*y + 14. Determine n(10).
-26
Let d(x) = -x**3 - 17*x**2 - 71*x + 5. Determine d(-9).
-4
Let d(i) = -i - 1. Calculate d(7).
-8
Let w(t) = t**2 - 5*t + 11. Determine w(8).
35
Let u(m) = 2*m - 2. What is u(-6)?
-14
Let s(q) = q**2 + 13*q + 48. What is s(-6)?
6
Let u(i) = -4*i**3 + 5*i**2 + 7*i - 19. Give u(2).
-17
Let z(w) = w + 26. Give z(-31).
-5
Let s(k) = k**2 - 8*k + 6. Give s(7).
-1
Let c(h) = h**3 + 11*h**2 + 16*h - 5. Give c(-9).
13
Let g(v) = v**2 - 37*v + 107. Determine g(32).
-53
Let y(s) = -s**3 + 15*s**2 - 13*s - 22. Calculate y(14).
-8
Let f(i) = -3*i - 20. What is f(-8)?
4
Let v(i) = 18*i**3 + i**2 - i - 1. Calculate v(-1).
-17
Let y(l) = l**2 + 25*l - 67. Give y(-28).
17
Let u(w) = -w**2 + 10*w - 27. What is u(4)?
-3
Let w(f) = -f**2 + 7*f + 12. Calculate w(6).
18
Let g(a) = -9*a - 7. Give g(-6).
47
Let c(l) = 12*l**3 + l + 1. Determine c(-1).
-12
Let o(v) = v**2 - 6*v - 4. Calculate o(6).
-4
Let i(l) = 2*l**2 + 8*l + 9. Calculate i(-5).
19
Let d(v) = -2*v**2 - 6*v + 2. Determine d(-3).
2
Let t(m) = 5*m**3 - 4*m**2 + 3*m - 3. What is t(2)?
27
Let h(u) = -u - 31. What is h(-15)?
-16
Let c(b) = 4*b**3 + b**2 + 2*b - 2. Calculate c(1).
5
Let y(f) = -f - 4. Determine y(5).
-9
Let a(v) = 5*v + 14. Determine a(-5).
-11
Let j(x) = x**3 + 11*x**2 - 18*x + 27. Calculate j(-12).
99
Let l(c) = -53*c**3 - 2*c**2 - 4*c - 2. Calculate l(-1).
53
Let k(q) = 8*q + 71. What is k(-8)?
7
Let x(m) = -m**3 + 15*m**2 + 18*m - 32. Determine x(16).
0
Let h(u) = 3*u + 37. Determine h(-12).
1
Let k(o) = -o**3 - 8*o**2 + 12*o + 27. Give k(-8).
-69
Let p(x) = x**3 + 24*x**2 + x + 18. Determine p(-24).
-6
Let x(g) = -3*g**2 + 7*g - 7. What is x(4)?
-27
Let r(o) = o**3 - 7*o**2 - 6*o - 19. What is r(8)?
-3
Let k(t) = t**3 + 2*t**2 - 4. Calculate k(0).
-4
Let p(a) = 2*a**3 - 3*a**2 + 5. Calculate p(4).
85
Let z(h) = 2*h + 108. What is z(-53)?
2
Let q(v) = -v + 15. Give q(8).
7
Let a(b) = b**2 + 2*b + 6. Determine a(-4).
14
Let i(o) = 3*o**2 - 32*o - 3. Give i(13).
88
Let l(u) = -u - 18. What is l(-14)?
-4
Let x(v) = -2*v - 6. Give x(-5).
4
Let z(w) = -w**3 + w**2 + w - 13. Calculate z(0).
-13
Let w(n) = n**3 + 5*n**2 - 4*n + 12. Determine w(-6).
0
Let i(s) = -2*s + 10. What is i(-6)?
22
Let o(t) = -t**3 - 5*t**2 + 60*t + 132. What is o(-2)?
0
Let j(k) = k**3 + 9*k**2 - 8*k - 27. Give j(-8).
101
Let x(u) = -u**3 + 9*u**2 + 9*u + 27. Give x(10).
17
Let v(k) = k**3 - k**2 + k - 1. What is v(2)?
5
Let b(q) = -4*q + 24. Determine b(5).
4
Let f(p) = -p**3 + 20*p**2 - 23*p - 5. Determine f(19).
-81
Let a(o) = -8*o**2 - 4*o - 4. Give a(3).
-88
Let l(j) = j**2 - 5*j + 8. Give l(4).
4
Let f(z) = 3*z**2 + 11*z + 3. Give f(-5).
23
Let q(d) = 2*d**2 - 5*d + 1. What is q(3)?
4
Let l(f) = 3*f + 87. Determine l(-26).
9
Let l(x) = -x**3 + 6*x**2 + 3*x + 6. Calculate l(5).
46
Let f(c) = -11*c + 1. What is f(1)?
-10
Let v(l) = -4*l + 10. Determine v(-5).
30
Let d(y) = -y**2 - 3*y. Give d(-6).
-18
Let r(t) = t**2 + 7*t + 1. Determine r(6).
79
Let z(b) = -b**2 - b + 6. What is z(3)?
-6
Let i(m) = 2*m - 9. What is i(4)?
-1
Let c(t) = -t**3 - t**2 + 7*t + 6. Calculate c(-4).
26
Let p(o) = -o**2 - o + 3. Determine p(3).
-9
Let k(y) = -15*y - 62. Determine k(-6).
28
Let c(x) = -x**2 + 3*x - 1. Give c(7).
-29
Let q(s) = -s**3 - 6*s**2 + 3*s + 2. Determine q(-6).
-16
Let l(c) = -c - 27. Determine l(-6).
-21
Let f(p) = p**3 + p + 49. Give f(0).
49
Let o(z) = -5*z**3 - 2*z**2 + z + 2. Give o(-1).
4
Let u(j) = 2*j**2 + 19*j + 28. Determine u(-8).
4
Let b(m) = m**3 - m**2 + m - 1. Give b(2).
5
Let j(l) = 15*l + 3. Give j(-4).
-57
Let k(g) = -4*g - 3. What is k(-5)?
17
Let c(r) = -3*r**2 - r - 4. Determine c(3).
-34
Let k(h) = -17*h**2 + 104*h - 4. Calculate k(6).
8
Let q(b) = -b**3 + 7*b**2 + 2*b - 8. Calculate q(6).
40
Let d(g) = g**3 - 5*g**2 + g + 5. Determine d(4).
-7
Let g(l) = -7*l - 12. Determine g(-5).
23
Let p(w) = -5*w + 27. What is p(10)?
-23
Let b(j) = j**3 - 3*j**2 + j - 15. What is b(5)?
40
Let b(a) = -a**3 - 6*a**2 + 4*a + 2. Determine b(-6).
-22
Let w(a) = -36*a + 2. What is w(1)?
-34
Let q(i) = 20*i - 8. Calculate q(1).
12
Let c(u) = -2*u - 10. What is c(-10)?
10
Let h(x) = 17*x - 187. What is h(11)?
0
Let k(r) = r**2 - 8*r - 5. Calculate k(8).
-5
Let y(t) = -t**2 - 19*t - 82. Give y(-9).
8
Let o(w) = w**2 - 7*w - 24. What is o(10)?
6
Let g(b) = 3*b**3 - 8*b**2 + 14*b - 6. Calculate g(2).
14
Let d(x) = 3*x - 36. Determine d(6).
-18
Let h(z) = 10*z - 56. Give h(6).
4
Let d(j) = 57*j + 6. What is d(0)?
6
Let a(o) = o**3 - 6*o**2 + 8*o - 7. Give a(5).
8
Let x(s) = -s**3 - 14*s**2 - 10*s + 28. Determine x(-13).
-11
Let u(m) = -7*m**2 - 33*m - 34. Calculate u(-1).
-8
Let x(z) = -z**3 - 26*z**2 + 27*z - 12. Calculate x(-27).
-12
Let u(l) = -4*l**2 + 4*l. Determine u(0).
0
Let i(b) = 8*b - 134. Determine i(14).
-22
Let s(d) = 2*d - 3. Determine s(-6).
-15
Let s(r) = -24*r - 114. Calculate s(-5).
6
Let z(s) = -5*s + 21. Give z(6).
-9
Let s(z) = -2*z - 17. Give s(-8).
-1
Let f(q) = q**2 - 5*q + 7. Give f(6).
13
Let b(k) = -k**3 + 17*k**2 - 27*k - 25. Give b(15).
20
Let n(d) = d**2 + 4*d - 6. Give n(-6).
6
Let h(o) = -14*o**2 - 16*o - 15. Determine h(-1).
-13
Let d(y) = -y**2 - 35*y + 6. Give d(-35).
6
Let a(y) = -y**3 + 68*y**2 - 6*y + 402. Calculate a(68).
-6
Let m(n) = -n**3 + 4*n**2 - 1. Determine m(3).
8
Let y(m) = -3*m**2 + 4*m + 6. Calculate y(4).
-26
Let r(w) = -6*w - 30. Calculate r(-6).
6
Let q(h) = h**3 - 9*h**2 + 6*h + 1. Give q(8).
-15
Let d(x) = -4*x - 14. Calculate d(13).
-66
Let w(i) = -i**2 + 6*i - 7. What is w(10)?
-47
Let a(h) = h + 3. What is a(-1)?
2
Let n(k) = k**3 + 10*k**2 + 6. Give n(-10).
6
Let p(b) = -b**3 - 6*b**2 - 3*b + 2. Calculate p(-5).
-8
Let t(w) = 8*w - 155. Give t(20).
5
Let c(m) = 8*m - 48. Determine c(8).
16
Let d(s) = -s**3 + 20*s**2 + 50*s - 163. Calculate d(22).
-31
Let r(b) = b**2 + 1. What is r(3)?
10
Let y(f) = -f**3 - 6*f**2 + f - 11. Give y(-6).
-17
Let r(n) = -2*n**2 - 40*n - 38. Determine r(-19).
0
Let b(p) = -p**3 - p - 15. Calculate b(0).
-15
Let q(j) = -j**3 + 6*j**2 + 4*j + 18. Determine q(6).
42
Let y(m) = m + 5. Give y(-5).
0
Let f(v) = -2*v**3 + 17*v**2 - 5*v - 32. What is f(8)?
-8
Let a(z) = z**3 - 2*z**2 - 3*z - 2. What is a(-4)?
-86
Let n(p) = p**2 + 12*p + 8. What is n(-10)?
-12
Let y(a) = a**3 + 5*a**2 - 4*a. Determine y(-6).
-12
Let c(d) = 2*d - 43. Determine c(18).
-7
Let r(p) = 45*p - 769. Give r(17).
-4
Let u(l) = -l**2 + 4*l + 8. Determine u(5).
3
Let x(s) = -6*s + 14. What is x(6)?
-22
Let i(v) = v**3 - 14*v**2 - 15*v. What is i(15)?
0
Let p(y) = -12*y + 53. Calculate p(3).
17
Let u(s) = s**3 + s + 4. What is u(-3)?
-26
Let n(x) = 7*x**3 - x**2 - x + 1. Give n(-1).
-6
Let r(j) = j**3 + 7*j**2 + 4*j. Give r(-6).
12
Let b(l) = 3*l**2 - 1. What is b(1)?
2
Let a(z) = z**2 - z - 2. Give a(6).
28
Let j(i) = 6*i + 14. Give j(-5).
-16
Let o(p) = -p**2 + 17*p - 4. Determine o(16).
12
Let a(s) = -2*s**3 - 25*s**2 - 11*s + 14. What is a(-12)?
2
Let l(g) = -5*g - 6. Determine l(-8).
34
Let l(k) = -132*k + 261. Give l(2).
-3
Let x(m) = 2*m - 15. Determine x(9).
3
Let m(q) = q**2 - 26*q - 21. What is m(27)?
6
Let o(k) = k**2 + 11*k + 18. Determine o(-12).
30
Let p(t) = t**2 + 3*t + 6. What is p(-5)?
16
Let u(q) = -q**2 - 14*q + 23. Give u(-12).
47
Let l(h) = -11*h - 17. Calculate l(-2).
5
Let g(a) = -a**3 + 16*a**2 - 13*a + 34. Give g(15).
64
Let v(d) = 2*d**2 + 10*d + 25. What is v